{"id":1219,"date":"2020-12-25T14:40:26","date_gmt":"2020-12-25T13:40:26","guid":{"rendered":"https:\/\/luftbild-drohne-thun.ch\/luftbild\/?page_id=1219"},"modified":"2020-12-26T22:56:20","modified_gmt":"2020-12-26T21:56:20","slug":"video","status":"publish","type":"page","link":"https:\/\/luftbild-drohne-thun.ch\/luftbild\/video\/","title":{"rendered":"Video"},"content":{"rendered":"<div id=\"pl-gb1219-69e374c7c1299\"  class=\"panel-layout\" ><div id=\"pg-gb1219-69e374c7c1299-0\"  class=\"panel-grid panel-no-style\" ><div id=\"pgc-gb1219-69e374c7c1299-0-0\"  class=\"panel-grid-cell\" ><div id=\"panel-gb1219-69e374c7c1299-0-0-0\" class=\"so-panel widget widget_media_video panel-first-child panel-last-child\" data-index=\"0\" ><div style=\"width:100%;\" class=\"wp-video\"><video class=\"wp-video-shortcode\" id=\"video-1219-1\" preload=\"metadata\" controls=\"controls\"><source type=\"video\/mp4\" src=\"https:\/\/luftbild-drohne-thun.ch\/luftbild\/wp-content\/uploads\/Luftbild-Drohne-Thun-Showreel-2019-HD_15K.mp4?_=1\" \/><source type=\"video\/mp4\" src=\"https:\/\/luftbild-drohne-thun.ch\/luftbild\/wp-content\/uploads\/Luftbild-Drohne-Thun-Showreel-2019-HD_15K.mp4?_=1\" \/><a href=\"https:\/\/luftbild-drohne-thun.ch\/luftbild\/wp-content\/uploads\/Luftbild-Drohne-Thun-Showreel-2019-HD_15K.mp4\">https:\/\/luftbild-drohne-thun.ch\/luftbild\/wp-content\/uploads\/Luftbild-Drohne-Thun-Showreel-2019-HD_15K.mp4<\/a><\/video><\/div><\/div><\/div><\/div><\/div>\n\n\n<p><\/p>\n","protected":false},"excerpt":{"rendered":"","protected":false},"author":1,"featured_media":0,"parent":0,"menu_order":0,"comment_status":"closed","ping_status":"closed","template":"template-transparent-header.php","meta":{"footnotes":""},"class_list":["post-1219","page","type-page","status-publish","hentry"],"yoast_head":"<!-- This site is optimized with the Yoast SEO plugin v16.1.1 - https:\/\/yoast.com\/wordpress\/plugins\/seo\/ -->\n<title>Luftbild Drohne Thun | Video<\/title>\n<meta name=\"description\" content=\"Christoph Gerber hat als Drohnen-Pilot unz\u00e4hlige Fl\u00fcge zu \u00dcbungs- und Einstellungszwecken gemacht, um sich und das Flugger\u00e4t optimal auf den Einsatz beim Kunden vorzubereiten und tut dies auch weiterhin, um sich st\u00e4ndig weiter zu entwickeln. Durch seine t\u00e4gliche Arbeit als Fotograf am Boden kann er seine Erfahrungen und Ideen, vor allem bei der Bildkomposition, optimal einsetzen, und so auch bei Bildern aus der Luft beste Resultate erzielen.\" \/>\n<link rel=\"canonical\" href=\"https:\/\/luftbild-drohne-thun.ch\/luftbild\/video\/\" \/>\n<meta property=\"og:locale\" content=\"de_DE\" \/>\n<meta property=\"og:type\" content=\"article\" \/>\n<meta property=\"og:title\" content=\"Luftbild Drohne Thun | Video\" \/>\n<meta property=\"og:description\" content=\"Christoph Gerber hat als Drohnen-Pilot unz\u00e4hlige Fl\u00fcge zu \u00dcbungs- und Einstellungszwecken gemacht, um sich und das Flugger\u00e4t optimal auf den Einsatz beim Kunden vorzubereiten und tut dies auch weiterhin, um sich st\u00e4ndig weiter zu entwickeln. Durch seine t\u00e4gliche Arbeit als Fotograf am Boden kann er seine Erfahrungen und Ideen, vor allem bei der Bildkomposition, optimal einsetzen, und so auch bei Bildern aus der Luft beste Resultate erzielen.\" \/>\n<meta property=\"og:url\" content=\"https:\/\/luftbild-drohne-thun.ch\/luftbild\/video\/\" \/>\n<meta property=\"og:site_name\" content=\"Luftbild Drohne Thun\" \/>\n<meta property=\"article:publisher\" content=\"https:\/\/www.facebook.com\/luftbilddrohnethun\" \/>\n<meta property=\"article:modified_time\" content=\"2020-12-26T21:56:20+00:00\" \/>\n<meta name=\"twitter:card\" content=\"summary_large_image\" \/>\n<script type=\"application\/ld+json\" class=\"yoast-schema-graph\">{\"@context\":\"https:\/\/schema.org\",\"@graph\":[{\"@type\":\"Organization\",\"@id\":\"https:\/\/luftbild-drohne-thun.ch\/luftbild\/#organization\",\"name\":\"Luftbild Drohne Thun\",\"url\":\"https:\/\/luftbild-drohne-thun.ch\/luftbild\/\",\"sameAs\":[\"https:\/\/www.facebook.com\/luftbilddrohnethun\",\"https:\/\/www.instagram.com\/explore\/tags\/luftbilddrohnethun\"],\"logo\":{\"@type\":\"ImageObject\",\"@id\":\"https:\/\/luftbild-drohne-thun.ch\/luftbild\/#logo\",\"inLanguage\":\"de\",\"url\":\"https:\/\/luftbild-drohne-thun.ch\/luftbild\/wp-content\/uploads\/logo_luftbild-drohne-thun-e1608906477873.png\",\"contentUrl\":\"https:\/\/luftbild-drohne-thun.ch\/luftbild\/wp-content\/uploads\/logo_luftbild-drohne-thun-e1608906477873.png\",\"width\":150,\"height\":71,\"caption\":\"Luftbild Drohne Thun\"},\"image\":{\"@id\":\"https:\/\/luftbild-drohne-thun.ch\/luftbild\/#logo\"}},{\"@type\":\"WebSite\",\"@id\":\"https:\/\/luftbild-drohne-thun.ch\/luftbild\/#website\",\"url\":\"https:\/\/luftbild-drohne-thun.ch\/luftbild\/\",\"name\":\"Luftbild Drohne Thun\",\"description\":\"Fotografie aus der Luft \/ Fotos und Videos mit einer Drohne\",\"publisher\":{\"@id\":\"https:\/\/luftbild-drohne-thun.ch\/luftbild\/#organization\"},\"potentialAction\":[{\"@type\":\"SearchAction\",\"target\":\"https:\/\/luftbild-drohne-thun.ch\/luftbild\/?s={search_term_string}\",\"query-input\":\"required name=search_term_string\"}],\"inLanguage\":\"de\"},{\"@type\":\"WebPage\",\"@id\":\"https:\/\/luftbild-drohne-thun.ch\/luftbild\/video\/#webpage\",\"url\":\"https:\/\/luftbild-drohne-thun.ch\/luftbild\/video\/\",\"name\":\"Luftbild Drohne Thun | Video\",\"isPartOf\":{\"@id\":\"https:\/\/luftbild-drohne-thun.ch\/luftbild\/#website\"},\"datePublished\":\"2020-12-25T13:40:26+00:00\",\"dateModified\":\"2020-12-26T21:56:20+00:00\",\"description\":\"Christoph Gerber hat als Drohnen-Pilot unz\\u00e4hlige Fl\\u00fcge zu \\u00dcbungs- und Einstellungszwecken gemacht, um sich und das Flugger\\u00e4t optimal auf den Einsatz beim Kunden vorzubereiten und tut dies auch weiterhin, um sich st\\u00e4ndig weiter zu entwickeln. Durch seine t\\u00e4gliche Arbeit als Fotograf am Boden kann er seine Erfahrungen und Ideen, vor allem bei der Bildkomposition, optimal einsetzen, und so auch bei Bildern aus der Luft beste Resultate erzielen.\",\"breadcrumb\":{\"@id\":\"https:\/\/luftbild-drohne-thun.ch\/luftbild\/video\/#breadcrumb\"},\"inLanguage\":\"de\",\"potentialAction\":[{\"@type\":\"ReadAction\",\"target\":[\"https:\/\/luftbild-drohne-thun.ch\/luftbild\/video\/\"]}]},{\"@type\":\"BreadcrumbList\",\"@id\":\"https:\/\/luftbild-drohne-thun.ch\/luftbild\/video\/#breadcrumb\",\"itemListElement\":[{\"@type\":\"ListItem\",\"position\":1,\"item\":{\"@type\":\"WebPage\",\"@id\":\"https:\/\/luftbild-drohne-thun.ch\/luftbild\/\",\"url\":\"https:\/\/luftbild-drohne-thun.ch\/luftbild\/\",\"name\":\"Startseite\"}},{\"@type\":\"ListItem\",\"position\":2,\"item\":{\"@type\":\"WebPage\",\"@id\":\"https:\/\/luftbild-drohne-thun.ch\/luftbild\/video\/\",\"url\":\"https:\/\/luftbild-drohne-thun.ch\/luftbild\/video\/\",\"name\":\"Video\"}}]}]}<\/script>\n<!-- \/ Yoast SEO plugin. -->","_links":{"self":[{"href":"https:\/\/luftbild-drohne-thun.ch\/luftbild\/wp-json\/wp\/v2\/pages\/1219","targetHints":{"allow":["GET"]}}],"collection":[{"href":"https:\/\/luftbild-drohne-thun.ch\/luftbild\/wp-json\/wp\/v2\/pages"}],"about":[{"href":"https:\/\/luftbild-drohne-thun.ch\/luftbild\/wp-json\/wp\/v2\/types\/page"}],"author":[{"embeddable":true,"href":"https:\/\/luftbild-drohne-thun.ch\/luftbild\/wp-json\/wp\/v2\/users\/1"}],"replies":[{"embeddable":true,"href":"https:\/\/luftbild-drohne-thun.ch\/luftbild\/wp-json\/wp\/v2\/comments?post=1219"}],"version-history":[{"count":2,"href":"https:\/\/luftbild-drohne-thun.ch\/luftbild\/wp-json\/wp\/v2\/pages\/1219\/revisions"}],"predecessor-version":[{"id":1237,"href":"https:\/\/luftbild-drohne-thun.ch\/luftbild\/wp-json\/wp\/v2\/pages\/1219\/revisions\/1237"}],"wp:attachment":[{"href":"https:\/\/luftbild-drohne-thun.ch\/luftbild\/wp-json\/wp\/v2\/media?parent=1219"}],"curies":[{"name":"wp","href":"https:\/\/api.w.org\/{rel}","templated":true}]}}